{"id":1226,"date":"2026-02-09T08:28:17","date_gmt":"2026-02-09T08:28:17","guid":{"rendered":"https:\/\/slategrey-narwhal-188510.hostingersite.com\/?post_type=product&#038;p=1226"},"modified":"2026-02-13T09:01:09","modified_gmt":"2026-02-13T09:01:09","slug":"playstation-minecraft-starter-collection-refresh-ps4","status":"publish","type":"product","link":"https:\/\/zupitex.in\/index.php\/product\/playstation-minecraft-starter-collection-refresh-ps4\/","title":{"rendered":"PlayStation MINECRAFT STARTER COLLECTION REFRESH &#8211; PS4"},"content":{"rendered":"<div id=\"productDescription_feature_div\" class=\"celwidget\" data-feature-name=\"productDescription\" data-csa-c-type=\"widget\" data-csa-c-content-id=\"productDescription\" data-csa-c-slot-id=\"productDescription_feature_div\" data-csa-c-asin=\"\" data-csa-c-is-in-initial-active-row=\"false\" data-cel-widget=\"productDescription_feature_div\" data-csa-c-id=\"ds6w0t-68gyte-m6ko2h-ggzlg6\">\n<div id=\"productDescription_feature_div\" class=\"a-row feature\" data-feature-name=\"productDescription\" data-template-name=\"productDescription\" data-cel-widget=\"productDescription_feature_div\">\n<div id=\"productDescription\" class=\"a-section a-spacing-small\">\n<p>MINECRAFT STARTER COLLECTION REFRESH &#8211; PS4<\/p>\n<h2>Product details<\/h2>\n<div id=\"detailBullets_feature_div\">\n<ul class=\"a-unordered-list a-nostyle a-vertical a-spacing-none detail-bullet-list\">\n<li><span class=\"a-list-item\"><span class=\"a-text-bold\"><strong>Rated \u200f :<\/strong> \u200e\u00a0<\/span>Ages 7 &amp; Over<\/span><\/li>\n<li><span class=\"a-list-item\"><span class=\"a-text-bold\"><strong>Language \u200f :<\/strong> \u200e\u00a0<\/span>French<\/span><\/li>\n<li><span class=\"a-list-item\"><strong><span class=\"a-text-bold\">Product Dimensions \u200f : \u200e\u00a0<\/span><\/strong>17.5 x 13.5 x 1.5 cm; 30 g<\/span><\/li>\n<li><span class=\"a-list-item\"><strong><span class=\"a-text-bold\">ASIN \u200f : \u200e\u00a0<\/span><\/strong>B098CVJB89<\/span><\/li>\n<li><span class=\"a-list-item\"><span class=\"a-text-bold\"><strong>Item model number \u200f :<\/strong> \u200e\u00a0<\/span>19MINCO2<\/span><\/li>\n<li><span class=\"a-list-item\"><strong><span class=\"a-text-bold\">Manufacturer \u200f : \u200e\u00a0<\/span><\/strong>SONY PS4<\/span><\/li>\n<li><span class=\"a-list-item\"><span class=\"a-text-bold\"><strong>Item Weight \u200f :<\/strong> \u200e\u00a0<\/span>30 g<\/span><\/li>\n<li><span class=\"a-list-item\"><strong><span class=\"a-text-bold\">Item Dimensions LxWxH \u200f : \u200e\u00a0<\/span><\/strong>17.5 x 13.5 x 1.5 Centimeters<\/span><\/li>\n<\/ul>\n<\/div>\n<\/div>\n<\/div>\n<\/div>\n","protected":false},"excerpt":{"rendered":"<h2 class=\"a-size-base-plus a-text-bold\">About this item<\/h2>\n<ul class=\"a-unordered-list a-vertical a-spacing-mini\">\n<li class=\"a-spacing-mini\"><span class=\"a-list-item\">Jouez jusqu\u2019\u00e0 10 en cross-plateforme, quand vous vou, o\u00f9 vous vou avec les Royaumes, votre serveur priv\u00e9 que nous h\u00e9bergeons pour vous. Essai de 30 jours disponible en jeu.<\/span><\/li>\n<li class=\"a-spacing-mini\"><span class=\"a-list-item\">D\u00e9couvrez les toutes derni\u00e8res cr\u00e9ations de la communaut\u00e9 dans le magasin ! R\u00e9cup\u00e9rez des maps, skins et packs de textures de vos cr\u00e9ateurs favoris.<\/span><\/li>\n<li class=\"a-spacing-mini\"><span class=\"a-list-item\">Rejoignez gratuitement des grands serveurs multijoueurs et jouez avec des milliers d\u2019autres joueurs ! D\u00e9couvrez des mondes gigantesques g\u00e9r\u00e9s par la communaut\u00e9 et affrontez-vous via des mini-jeux !<\/span><\/li>\n<li class=\"a-spacing-mini\"><span class=\"a-list-item\">Customisez votre exp\u00e9rience encore plus avec les Add-ons gratuits ! Vous pouvez m\u00eame modifiez les comportements en jeu pour cr\u00e9er de nouveaux packs de ressource.<\/span><\/li>\n<\/ul>\n","protected":false},"featured_media":1248,"comment_status":"open","ping_status":"closed","template":"","meta":[],"product_brand":[],"product_cat":[29],"product_tag":[],"class_list":{"0":"post-1226","1":"product","2":"type-product","3":"status-publish","4":"has-post-thumbnail","6":"product_cat-playstation","8":"first","9":"instock","10":"sale","11":"shipping-taxable","12":"purchasable","13":"product-type-simple"},"_links":{"self":[{"href":"https:\/\/zupitex.in\/index.php\/wp-json\/wp\/v2\/product\/1226","targetHints":{"allow":["GET"]}}],"collection":[{"href":"https:\/\/zupitex.in\/index.php\/wp-json\/wp\/v2\/product"}],"about":[{"href":"https:\/\/zupitex.in\/index.php\/wp-json\/wp\/v2\/types\/product"}],"replies":[{"embeddable":true,"href":"https:\/\/zupitex.in\/index.php\/wp-json\/wp\/v2\/comments?post=1226"}],"wp:featuredmedia":[{"embeddable":true,"href":"https:\/\/zupitex.in\/index.php\/wp-json\/wp\/v2\/media\/1248"}],"wp:attachment":[{"href":"https:\/\/zupitex.in\/index.php\/wp-json\/wp\/v2\/media?parent=1226"}],"wp:term":[{"taxonomy":"product_brand","embeddable":true,"href":"https:\/\/zupitex.in\/index.php\/wp-json\/wp\/v2\/product_brand?post=1226"},{"taxonomy":"product_cat","embeddable":true,"href":"https:\/\/zupitex.in\/index.php\/wp-json\/wp\/v2\/product_cat?post=1226"},{"taxonomy":"product_tag","embeddable":true,"href":"https:\/\/zupitex.in\/index.php\/wp-json\/wp\/v2\/product_tag?post=1226"}],"curies":[{"name":"wp","href":"https:\/\/api.w.org\/{rel}","templated":true}]}}